{"id":2,"date":"2016-05-10T03:48:21","date_gmt":"2016-05-10T03:48:21","guid":{"rendered":"http:\/\/city-golfguide.de\/?page_id=2"},"modified":"2026-05-05T16:09:22","modified_gmt":"2026-05-05T16:09:22","slug":"sample-page","status":"publish","type":"page","link":"https:\/\/city-golfguide.de\/","title":{"rendered":"Der City Golf Guide K\u00f6ln, Bonn, D\u00fcsseldorf ist erschienen"},"content":{"rendered":"<p>Es gibt auch hier zwei neue Gutscheine, n\u00e4mlich den Golfclub Eifel und TinCup, die kleine Trainingsanlage in H\u00fcrth. Mehr Details gibt es <a href=\"https:\/\/city-golfguide.de\/?page_id=2590\" data-type=\"page\" data-id=\"2590\">auf folgender Seite.<\/a><\/p><h3 class=\"wp-block-heading has-vivid-red-color has-text-color has-link-color has-medium-font-size wp-elements-79f2266fa8311dae07d8c0a94a066e8f\"><span style=\"color: #ff0000;\"><span style=\"color: #ff0000;\"><mark style=\"background-color:rgba(0, 0, 0, 0)\" class=\"has-inline-color has-vivid-red-color\"><span style=\"color: #ff0000;\"><span style=\"color: #ff0000;\"><mark style=\"background-color:rgba(0, 0, 0, 0)\" class=\"has-inline-color has-vivid-red-color\">Der Hamburger City Golf Guide ist nahezu ausverkauft<\/mark><\/span><\/span><\/mark><\/span><\/span><\/h3><p>Sichern Sie sich schnell noch unser absolutes Highlight: Nach vier Jahren Abstinenz kommt der <strong>Golfclub St. Dionys<\/strong> zur\u00fcck. Au\u00dferdem neu: <strong>S\u00fclfeld, Donner-Kleve und Teschow<\/strong>. Details <a href=\"https:\/\/city-golfguide.de\/?page_id=2628\" data-type=\"page\" data-id=\"2628\">finden Sie hier.<\/a><br><\/p><h3 class=\"wp-block-heading has-vivid-red-color has-text-color has-link-color wp-elements-b1675ddcd843195733b8cc0cfe693a99\"><span style=\"color: #ff0000;\"><b><span style=\"color: #ff0000;\">F\u00fcr alle die den City Golf Guide bisher nicht kennen <\/span><\/b><\/span><\/h3><p><span style=\"color: #ff0000;\"><b><span style=\"color: #000000;\">Ich freue mich sehr, dass Sie den Weg  zu uns gefunden haben. Wir machen seit 2003 einen kleinen, handlichen Golff\u00fchrer, der eine Reihe von Greenfee-Gutscheinen enth\u00e4lt. Er ist als Alltags-Werkzeug f\u00fcr den mobilen Golfer gedacht, der gerne auch einmal andere Pl\u00e4tze spielt. Und er eignet sich nat\u00fcrlich bestens, wenn man K\u00f6ln oder Hamburg f\u00fcr ein Wochenende besucht und eine Runde spielen m\u00f6chte. <\/span><\/b><\/span><br>Er ist preiswert und dadurch sehr risikolos, im Vergleich zu anderen Gutscheinb\u00fcchern im Markt. Er ist frei \u00fcbertragbar und somit ein nettes Geschenk, im Vergleich zu personalisierten Kartenl\u00f6sungen. Und er hat  hat Gutscheine f\u00fcr Einzelspieler (oder f\u00fcr den Dritten im Dreierfi\u00b4light) und er hat ein sehr signifikantes Gutscheinvolumen in allen Kategorien von Golfpl\u00e4tzen, vom Einsteiger bis zum Spitzenplatz. <\/p><p>Und wie immer gilt: Wenn Sie nur einen der Gutscheine nutzen, hat sich der Kauf des City Golf Guide gelohnt. K\u00f6lner schauen hier und Hamburger auf dieser Seite, ob ein Gutschein dabei ist, der Spa\u00df macht. <\/p><p><span style=\"color: #ff0000;\"><b><span style=\"color: #000000;\"><a href=\"https:\/\/city-golfguide.de\/?page_id=31\" data-type=\"page\" data-id=\"31\">Sie k\u00f6nnen den City-Golfguide <\/a><\/span><\/b><\/span><span style=\"color: #ff0000;\"><b><span style=\"color: #000000;\"><a href=\"https:\/\/city-golfguide.de\/?page_id=31\" data-type=\"page\" data-id=\"31\">in unserem Onlineshop bestellen.<\/a> Das funktioniert per PayPal-Zahlung oder auf Rechnung mit anschlie\u00dfender \u00dcberweisung. Sobald Sie drei oder mehr Hefte kaufen wollen, gibt es eine kleine Rabattierung.<\/span><\/b><\/span><\/p><p>Wenn Sie den City Golf Guide vor dem Kauf in der Hand halten wollen, dann gehen Hamburger in eine Thalia Filiale und K\u00f6lner besuchen Fairway-Golf in Pulheim.<\/p><hr class=\"wp-block-separator has-alpha-channel-opacity\"\/><p>Wenn Sie oder <strong>Ihr Golfclub Interesse daran hat<\/strong>, den City Golfguide zu verkaufen, wenden Sie sich bitte direkt an <a href=\"mailto:frank@puscher.de\">frank@puscher.de<\/a>. Alle Vertriebspartner erhalten exakt die gleichen Einkaufskonditionen und ein volles Remissionsrecht. Nicht verkaufte Guides werden nat\u00fcrlich nicht berechnet.<\/p><p>Der City-Golfguide ist von Golfern f\u00fcr Golfer gemacht<\/p><ul class=\"wp-block-list\"><li>52 Seiten Information pur, nur Golf, kein Lifestyle<\/li>\n\n<li><strong>Greenfee Gutscheine im Wert von \u00fcber 2600 \u20ac (Hamburg) und \u00fcber 1900 \u20ac (K\u00f6ln)<\/strong><\/li>\n\n<li>\u00dcbersicht aller Erm\u00e4\u00dfigungen wie 9-Loch-Greenfee, Sundowner oder verg\u00fcnstigte Tage<\/li>\n\n<li>Handliches Format f\u00fcrs Golfbag<\/li>\n\n<li>Pr\u00e4zise Wegbeschreibungen inklusive Anfahrtszeit<\/li><\/ul><p>Wenn Sie nur <strong>EINEN<\/strong> der Gutscheine nutzen, lohnt sich der bescheidene Einsatz von 12,50 \u20ac.<\/p>","protected":false},"excerpt":{"rendered":"<p>Es gibt auch hier zwei neue Gutscheine, n\u00e4mlich den Golfclub Eifel und TinCup, die kleine Trainingsanlage in H\u00fcrth. Mehr Details gibt es auf folgender Seite. Der Hamburger City Golf Guide ist nahezu ausverkauft Sichern Sie sich schnell noch unser absolutes Highlight: Nach vier Jahren Abstinenz kommt der Golfclub St. Dionys zur\u00fcck. Au\u00dferdem neu: S\u00fclfeld, Donner-Kleve und Teschow. Details finden Sie [&hellip;]<\/p>\n","protected":false},"author":1,"featured_media":0,"parent":0,"menu_order":0,"comment_status":"closed","ping_status":"closed","template":"","meta":{"footnotes":""},"class_list":["post-2","page","type-page","status-publish","hentry"],"_links":{"self":[{"href":"https:\/\/city-golfguide.de\/index.php?rest_route=\/wp\/v2\/pages\/2","targetHints":{"allow":["GET"]}}],"collection":[{"href":"https:\/\/city-golfguide.de\/index.php?rest_route=\/wp\/v2\/pages"}],"about":[{"href":"https:\/\/city-golfguide.de\/index.php?rest_route=\/wp\/v2\/types\/page"}],"author":[{"embeddable":true,"href":"https:\/\/city-golfguide.de\/index.php?rest_route=\/wp\/v2\/users\/1"}],"replies":[{"embeddable":true,"href":"https:\/\/city-golfguide.de\/index.php?rest_route=%2Fwp%2Fv2%2Fcomments&post=2"}],"version-history":[{"count":96,"href":"https:\/\/city-golfguide.de\/index.php?rest_route=\/wp\/v2\/pages\/2\/revisions"}],"predecessor-version":[{"id":3511,"href":"https:\/\/city-golfguide.de\/index.php?rest_route=\/wp\/v2\/pages\/2\/revisions\/3511"}],"wp:attachment":[{"href":"https:\/\/city-golfguide.de\/index.php?rest_route=%2Fwp%2Fv2%2Fmedia&parent=2"}],"curies":[{"name":"wp","href":"https:\/\/api.w.org\/{rel}","templated":true}]}}